he prime factors of b?
3, 11
Let x(t) = -t - 31. Let y(k) = -6. Let q(a) = -2*x(a) + 11*y(a). Let c be q(3). Let r(o) = 2*o**3 - 3*o**2 + o. List the prime factors of r(c).
2, 3
Suppose -2*w + 12 + 8 = 0. Let k = w + -7. Suppose -k*z - 3*f + 40 = 2*z, -2*z = -f - 5. What are the prime factors of z?
5
Suppose -5*t + t + 3*g = -42, 0 = -g + 2. List the prime factors of t.
2, 3
Let o = -9 - -53. List the prime factors of o.
2, 11
List the prime factors of 17 - 21 - ((-29 - -1) + -1).
5
Let x(a) = 103*a**2 - a + 1. List the prime factors of x(-1).
3, 5, 7
Suppose -7*t = -6*t. Suppose t = -2*y - 3*f + 5*f + 70, y = 5*f + 27. What are the prime factors of y?
37
Let o be 1/(-1*2/10). Let a be o + (-6)/(-3) - 0. What are the prime factors of (3/(-1))/(a/2)?
2
Let a(r) = 18*r**2 - 5*r + 1. Let m be a(4). Suppose -4*n - 5*o = -205, 2*o + 0*o - m = -5*n. List the prime factors of n.
5, 11
Suppose l - 3*s + 5 = 0, -3*l - 2*l - 2*s = -9. Suppose 4*f + g = 117, -3*g - l = 8. List the prime factors of f.
2, 3, 5
Let n(g) = -g**3 - 3*g**2 - 4*g - 2. Let q be n(-2). Let b(a) = 4*a**2 - a + 2. Let r be b(q). List the prime factors of 9*(r/6)/2.
2, 3
What are the prime factors of (-2 + 1)*(-165 - -8)?
157
Suppose 5*t - 5*c + 10 = 0, 3*c - 8 + 3 = 2*t. What are the prime factors of (t/2)/(7/(-154))?
11
List the prime factors of (7 + -8)*(0 - 67).
67
List the prime factors of ((-47)/(-2))/(8/16).
47
Let f = 36 + -54. Suppose a + 5 + 8 = 0. Let h = a - f. List the prime factors of h.
5
Let i = 0 - 0. Suppose -t + i = -6. What are the prime factors of t?
2, 3
Let c(d) = -3*d - 16. List the prime factors of c(-6).
2
Suppose -150 = -5*d + 5. What are the prime factors of d?
31
Let j = 7 + -2. Suppose -4*p = -2*k + 36, -2*p = 3*k - j*p - 42. What are the prime factors of k?
2, 5
Let q be 1*(-2 + (-1 - -3)). Suppose 5*b - 15 = -q*b. Let s(r) = -r**3 + 3*r**2 + 2*r + 2. What are the prime factors of s(b)?
2
Let z(b) = -15*b - 3. Let k be z(-2). Let t be (-4)/6*k/6. What are the prime factors of t/(3/(-1))*5?
5
Suppose -u = -3*u + 92. List the prime factors of u.
2, 23
Let m(f) be the third derivative of f**5/60 + 7*f**4/24 + 5*f**3/6 - 5*f**2. What are the prime factors of m(-8)?
13
What are the prime factors of (-5)/(-10) + -2*(-335)/4?
2, 3, 7
Suppose 0*q - 6*q + 54 = 0. What are the prime factors of q?
3
Let y = 3 + 16. What are the prime factors of y?
19
Suppose -12 = -3*a + 3*u - 7*u, -3*u = 0. Let h = 2 - a. Let l = h + 6. What are the prime factors of l?
2
Let q = -25 + 35. Suppose 0 = -q*x + 5*x. What are the prime factors of (x - -1)/((-2)/(-6))?
3
Suppose -3*u = m - 195, -2*m + 4*u + 189 + 241 = 0. What are the prime factors of m?
3, 23
Suppose 0 = -2*z - 2 + 22. What are the prime factors of z?
2, 5
Suppose -5*n - 35 = 5. List the prime factors of (-23)/1*(7 + n).
23
Let z = 42 + 67. List the prime factors of z.
109
Let t = -37 - -105. Suppose t = 3*d - 46. List the prime factors of d.
2, 19
Let u(w) = 15*w + 14. List the prime factors of u(5).
89
Let l(u) be the first derivative of -u**2/2 + 10*u - 1. Let f be l(-8). Let m = 0 + f. What are the prime factors of m?
2, 3
Suppose u - 2*p + 7 = 0, u + 0*u + 4*p = -31. Let o = -3 - u. Let q = o - 6. List the prime factors of q.
2, 3
Let a(m) = m**2 + 5*m - 5. What are the prime factors of a(-7)?
3
Suppose 2*v - 534 = -0*v - 2*m, 3*v - m - 801 = 0. Let w = v + -407. List the prime factors of w/(-18) + 12/54.
2
Suppose 0 = -2*j - 5*o - 0*o - 17, -5*j = o + 8. Let c be 6/(-3)*(13 - 4). Let i = j - c. List the prime factors of i.
17
Let c(l) = l**2 - 5*l - l + 4*l + 2. What are the prime factors of c(3)?
5
Let l(s) = s - 4. Let w be l(0). Let h = 10 + w. List the prime factors of h.
2, 3
Let o(u) = 6*u - 7. Let g be o(-7). Let t = g - -73. List the prime factors of t.
2, 3
Let m(o) = -o - 5. Let k(u) = 10*u + 1. Let i be k(-1). What are the prime factors of m(i)?
2
Suppose -4*p = -5*g - 33, 14 = -4*p - 4*g + 2. Let w(z) = -7*z**p + 0*z + 5 + z**3 - 3*z + 10*z. What are the prime factors of w(6)?
11
Let o be (-5 + 4)*1*-4. Suppose -51 = -o*g + m - 2*m, 2*m = -5*g + 66. List the prime factors of g.
2, 3
Suppose h - 210 = -2*h. Suppose h = 4*w + 14. List the prime factors of w.
2, 7
Let x = 3 - -3. Let f = -10 + x. What are the prime factors of 3/6 + (-18)/f?
5
Let m be (6/(-4))/((-1)/22). Let c = m - 8. List the prime factors of c.
5
Let o(a) = -2*a**3 + 2*a + 1. Let u be o(-1). Suppose 0 = -4*q + u + 7. Suppose -z = -2*r + q*z + 2, 0 = r + z - 11. What are the prime factors of r?
7
Let c = -17 - -9. What are the prime factors of 35/2 + 4/c?
17
Let q(p) be the first derivative of -p**4/4 + 14*p**3/3 - 6*p**2 + 10*p - 7. What are the prime factors of q(13)?
23
Suppose 2*v + 15 = 7*v, -43 = -5*y + 4*v. List the prime factors of y.
11
Let n(f) = -f**3 - 4*f**2 - 16*f - 14. List the prime factors of n(-6).
2, 7, 11
Suppose 0 = -5*l + l + 84. Let a = l - 12. List the prime factors of a.
3
List the prime factors of (-9)/((-18)/(-8)) + 245.
241
Let y(u) = -13*u + 1. Let l be y(5). Let b = -6 - l. Suppose 0 = 5*w - k - 44, 5*k + 2 + b = 5*w. List the prime factors of w.
2
Suppose 0 = 6*n - 13*n + 378. List the prime factors of n.
2, 3
Let x be 6/(-15) - (-116)/(-10). Suppose -2*i + 5*i + 4*g = 99, g = i - 26. Let q = x + i. What are the prime factors of q?
17
List the prime factors of -5 - (2184/(-6) - 2).
19
Suppose 4*l = -6*l + 80. List the prime factors of l.
2
Suppose 112 = -2*c + 4*c. What are the prime factors of c?
2, 7
Suppose 5*o = 4*f - 31, -o + 4 = 3. Suppose -f = -3*i + z, -3*i - 2*i + 5*z = -25. What are the prime factors of i?
2
Let w(g) = -g**3 + 4*g**2 + 7*g - 2. Let s be w(5). Suppose -4*f - 4*o + s = 0, -o = o + 6. Suppose b - f - 1 = 0. List the prime factors of b.
2, 3
Suppose 3*n = -0*n - 6. Let t = n - 1. List the prime factors of (t + 14/4)*32.
2
Suppose 3*p + 1 = -3*u - 2*u, 0 = -3*p - 4*u + 1. Suppose -4*z - 1 = y, 2*z - 10 = -y - p*y. What are the prime factors of y?
3
Let y(w) = w**2 - 7*w + 7. Let j be (-5 + -1)/((-3)/4). What are the prime factors of y(j)?
3, 5
What are the prime factors of (-14)/2*58/((-10)/5)?
7, 29
Let l(h) = -h + 35. Let c = 5 + -5. Let a be l(c). Let g = -11 + a. List the prime factors of g.
2, 3
Let b(f) = -27*f. Let l be b(2). Let o = 76 + l. What are the prime factors of o?
2, 11
Let o(y) = y**2 - 3*y + 4. Let k be o(3). Suppose -k*z + 40 = -0*z. What are the prime factors of z?
2, 5
Suppose -5*l = 4*h - 267, -5*h - 52 + 393 = -l. List the prime factors of h.
2, 17
Let l = -23 - -138. List the prime factors of l.
5, 23
Let r(s) = 112*s**2. Let g(t) = 14*t**2. Let d(l) = 17*l - 2. Let o be d(3). Let a(w) = o*g(w) - 6*r(w). List the prime factors of a(1).
2, 7
Let f be 4*-1*8/(-4). Suppose f*x - 3*x + 55 = 0. Let k = 16 + x. List the prime factors of k.
5
Suppose -3*c - c - 108 = 0. Let v = c - -13. Let i = v + 25. List the prime factors of i.
11
Let v = -17 - -8. Suppose -2*z - 4 = -6*z. List the prime factors of 30/v*(z + -4).
2, 5
Let w(h) = -13*h - 2. What are the prime factors of w(-5)?
3, 7
Let i = -10 - -16. Let o be ((-4)/i)/((-4)/30). Suppose -o*j + 29 = -51. What are the prime factors of j?
2
Let b = -68 + 112. List the prime factors of b.
2, 11
Let k = -13 - -8. What are the prime factors of ((-16)/(-10))/((-1)/k)?
2
Let r = -30 - -49. What are the prime factors of r?
19
Let a(i) = -4*i + 34. What are the prime factors of a(-9)?
2, 5, 7
Suppose 5*w - 49 = 36. Let j = w + 10. List the prime factors of j.
3
Suppose 5*s + 8*n - 3*n + 5 = 0, 4*s - n = 11. Suppose 25 = 3*h + s*h. Let z = h - -3. List the prime factors of z.
2
Let j = -681 - -960. What are the prime factors of j?
3, 31
Suppose 3*f - 8 = y - 4, 2*f - 4*y = -14. Suppose -t - o + 88 = f*t, 4*t = -3*o + 96. What are the prime factors of t?
3, 7
Let u = 29 + -3. List the prime factors of u.
2, 13
Let f = -18 + 28. Suppose -f = -g - 4. What are the prime factors of 141/9 + g/(-9)?
3, 5
Let h(c) be the third derivative of c**5/20 + c**4/3 + 7*c**3/3 - 5*c**2. List the prime factors of h(-5).
7
Let b = 4 + -7. Let j = 3 - b. Suppose -d = -0*d - j. List the prime factors of d.
2, 3
Let r = -51 - -134. List the prime factors of r.
83
Suppose 4*s + 3*u = 65, -3*s - 3*u = -0*u - 48. List the prime factors of s.
